{"id":197,"date":"2018-02-20T17:44:58","date_gmt":"2018-02-20T16:44:58","guid":{"rendered":"http:\/\/nspbr.sk\/web\/?page_id=197"},"modified":"2025-05-28T10:05:01","modified_gmt":"2025-05-28T08:05:01","slug":"psychiatricka-ambulancia-ii","status":"publish","type":"page","link":"https:\/\/www.nspbr.sk\/web\/ambulancie\/psychiatricke\/psychiatricka-ambulancia-ii\/","title":{"rendered":"Psychiatrick\u00e1 ambulancia II."},"content":{"rendered":"\n<div class=\"post\">\n<div class=\"text\">\n<p>Lek\u00e1r: <b>MUDr. Milan Ignjatovi\u010d<\/b><br>Sestra: <b>\u013dubica Petrov\u00e1<\/b><br>Telef\u00f3n:<br><b>048\/ 2820 212 <\/b> &#8211; Lek\u00e1r<br><b>048\/ 2820 198 <\/b> &#8211; Sestra &#8211; objedn\u00e1vanie<\/p>\n<p>Miesto: pr\u00edzemie detskej \u010dasti polikliniky<\/p>\n<p>Ordina\u010dn\u00e9 hodiny:<\/p>\n<table border=\"1\">\n<tbody>\n<tr>\n<th>&nbsp;<\/th>\n<th>predpoludn\u00edm<\/th>\n<th>prest\u00e1vka<\/th>\n<th>popoludn\u00ed<\/th>\n<\/tr>\n<tr>\n<th>Pondelok<\/th>\n<td>7:00 &#8211; 12:30<\/td>\n<td>12:30 &#8211; 13:00<\/td>\n<td>13:00 &#8211; 15:00<\/td>\n<\/tr>\n<tr>\n<th>Utorok<\/th>\n<td>7:00 &#8211; 12:30<\/td>\n<td>12:30 &#8211; 13:00<\/td>\n<td>13:00 &#8211; 15:00<\/td>\n<\/tr>\n<tr>\n<th>Streda<\/th>\n<td>7:00 &#8211; 12:30<\/td>\n<td>12:30 &#8211; 13:00<\/td>\n<td>13:00 &#8211; 15:00<\/td>\n<\/tr>\n<tr>\n<th>\u0160tvrtok<\/th>\n<td>7:00 &#8211; 12:30<\/td>\n<td>12:30 &#8211; 13:00<\/td>\n<td>13:00 &#8211; 15:00<\/td>\n<\/tr>\n<tr>\n<th>Piatok<\/th>\n<td>7:00 &#8211; 12:30<\/td>\n<td>12:30 &#8211; 13:00<\/td>\n<td>13:00 &#8211; 15:00<\/td>\n<\/tr>\n<\/tbody>\n<\/table>\n<p>Pozn.:<\/p>\n<p>Na prv\u00e9 vy\u0161etrenie je nutn\u00e9 sa objedna\u0165 vopred!<\/p>\n<p>Zmluvn\u00e9 vz\u0165ahy:<\/p>\n<figure><img loading=\"lazy\" decoding=\"async\" class=\" wp-image-1118 alignleft\" src=\"http:\/\/nspbr.sk\/web\/wp-content\/uploads\/2018\/10\/sys_media_8493.jpg\" alt=\"\" width=\"142\" height=\"171\"><\/figure><figure><img loading=\"lazy\" decoding=\"async\" class=\"wp-image-1120 alignleft\" src=\"http:\/\/nspbr.sk\/web\/wp-content\/uploads\/2018\/10\/dovera.png\" alt=\"\" width=\"301\" height=\"86\" srcset=\"https:\/\/www.nspbr.sk\/web\/wp-content\/uploads\/2018\/10\/dovera.png 420w, https:\/\/www.nspbr.sk\/web\/wp-content\/uploads\/2018\/10\/dovera-300x86.png 300w\" sizes=\"auto, (max-width: 301px) 100vw, 301px\" \/><\/figure><figure><img loading=\"lazy\" decoding=\"async\" class=\"wp-image-1119 alignleft\" src=\"http:\/\/nspbr.sk\/web\/wp-content\/uploads\/2018\/10\/union.jpg\" alt=\"\" width=\"238\" height=\"134\" srcset=\"https:\/\/www.nspbr.sk\/web\/wp-content\/uploads\/2018\/10\/union.jpg 700w, https:\/\/www.nspbr.sk\/web\/wp-content\/uploads\/2018\/10\/union-300x169.jpg 300w\" sizes=\"auto, (max-width: 238px) 100vw, 238px\" \/><\/figure><div align=\"center\">\n<figure><\/figure><figure><\/figure><figure><\/figure><p>&nbsp;&nbsp; <\/p>\n<\/div>\n<\/div>\n<\/div>\n","protected":false},"excerpt":{"rendered":"<p>Lek\u00e1r: MUDr. Milan Ignjatovi\u010dSestra: \u013dubica Petrov\u00e1Telef\u00f3n:048\/ 2820 212 &#8211; Lek\u00e1r048\/ 2820 198 &#8211; Sestra &#8211; objedn\u00e1vanie Miesto: pr\u00edzemie detskej \u010dasti polikliniky Ordina\u010dn\u00e9 hodiny: &nbsp; predpoludn\u00edm prest\u00e1vka popoludn\u00ed Pondelok 7:00 &#8211; 12:30 12:30 &#8211; 13:00 13:00 &#8211; 15:00 Utorok 7:00 &#8211; 12:30 12:30 &#8211; 13:00 13:00 &#8211; 15:00 Streda 7:00 &#8211; 12:30 12:30 &#8211; 13:00 13:00 [&hellip;]<\/p>\n","protected":false},"author":1,"featured_media":0,"parent":314,"menu_order":0,"comment_status":"closed","ping_status":"closed","template":"","meta":{"_monsterinsights_skip_tracking":false,"_monsterinsights_sitenote_active":false,"_monsterinsights_sitenote_note":"","_monsterinsights_sitenote_category":0,"footnotes":""},"class_list":["post-197","page","type-page","status-publish","hentry"],"_links":{"self":[{"href":"https:\/\/www.nspbr.sk\/web\/wp-json\/wp\/v2\/pages\/197","targetHints":{"allow":["GET"]}}],"collection":[{"href":"https:\/\/www.nspbr.sk\/web\/wp-json\/wp\/v2\/pages"}],"about":[{"href":"https:\/\/www.nspbr.sk\/web\/wp-json\/wp\/v2\/types\/page"}],"author":[{"embeddable":true,"href":"https:\/\/www.nspbr.sk\/web\/wp-json\/wp\/v2\/users\/1"}],"replies":[{"embeddable":true,"href":"https:\/\/www.nspbr.sk\/web\/wp-json\/wp\/v2\/comments?post=197"}],"version-history":[{"count":5,"href":"https:\/\/www.nspbr.sk\/web\/wp-json\/wp\/v2\/pages\/197\/revisions"}],"predecessor-version":[{"id":9095,"href":"https:\/\/www.nspbr.sk\/web\/wp-json\/wp\/v2\/pages\/197\/revisions\/9095"}],"up":[{"embeddable":true,"href":"https:\/\/www.nspbr.sk\/web\/wp-json\/wp\/v2\/pages\/314"}],"wp:attachment":[{"href":"https:\/\/www.nspbr.sk\/web\/wp-json\/wp\/v2\/media?parent=197"}],"curies":[{"name":"wp","href":"https:\/\/api.w.org\/{rel}","templated":true}]}}