{"id":653,"date":"2018-03-21T07:58:19","date_gmt":"2018-03-21T06:58:19","guid":{"rendered":"http:\/\/nspbr.sk\/web\/?page_id=653"},"modified":"2026-04-01T10:15:17","modified_gmt":"2026-04-01T08:15:17","slug":"ustavna-lekaren","status":"publish","type":"page","link":"https:\/\/www.nspbr.sk\/web\/nelozkove-oddelenia\/ustavna-lekaren\/","title":{"rendered":"\u00dastavn\u00e1 lek\u00e1re\u0148"},"content":{"rendered":"\n<h3 class=\"wp-block-heading\">Ved\u00faci farmaceut: Mgr. Michaela Ko\u0161tialov\u00e1<br>Miesto &#8211; pr\u00edzemie polikliniky, vchod z vonkaj\u0161ej strany od detskej polikliniky<br>Telef\u00f3n: 048\/2820 462, 048\/2820 268<br>e-mail: lekaren@nspbr.sk<br>Pracovn\u00e1 doba: Po \u2013 Pi 7:00-15:00 hod.<\/h3>\n\n\n\n<p>\u00dastavn\u00e1 lek\u00e1re\u0148 je jedn\u00fdm z \u00fasekov Nemocnice s&nbsp;poliklinikou Brezno, n.o. Pre oddelenia,&nbsp;ambulancie a spolo\u010dn\u00e9 vy\u0161etrovacie a lie\u010debn\u00e9 zlo\u017eky&nbsp; nemocnice (SVaLZ)&nbsp; zabezpe\u010duje lieky, lie\u010div\u00e9 pr\u00edpravky, diagnostick\u00e9 zdravotn\u00edcke pom\u00f4cky, zdravotn\u00edcke pom\u00f4cky a&nbsp;\u0161peci\u00e1lny zdravotn\u00edcky materi\u00e1l.<\/p>\n\n\n\n<p>Nemocni\u010dn\u00e1 lek\u00e1re\u0148 je rozdelen\u00e1 na tri zlo\u017eky: klinick\u00e1 farm\u00e1cia, pr\u00edprava liekov a zdravotn\u00edcke pom\u00f4cky.<\/p>\n\n\n\n<p><strong>Klinick\u00e1 farm\u00e1cia<\/strong><\/p>\n\n\n\n<p>Zabezpe\u010duje n\u00e1kup registrovan\u00fdch liekov, inf\u00faznych roztokov, dialyza\u010dn\u00fdch roztokov, enter\u00e1lnej a&nbsp;parenter\u00e1lnej vy\u017eivy na z\u00e1klade objedn\u00e1vok pre ambulancie a&nbsp;oddelenia nemocnice. Zabezpe\u010duje informa\u010dn\u00fa a konzulta\u010dn\u00fa \u010dinnos\u0165. Sleduje spr\u00e1vy \u0160\u00daKL t\u00fdkaj\u00face sa kvality liekov. Zabezpe\u010duje diagnostick\u00e9 zdravotn\u00edcke pom\u00f4cky pre SVALZ-y.<\/p>\n\n\n\n<p><strong>Pr\u00edprava liekov<\/strong><\/p>\n\n\n\n<p>Zabezpe\u010duje pr\u00edpravu nesteriln\u00fdch liekov, pr\u00edpravu dezinfek\u010dn\u00fdch roztokov pod\u013ea recept\u00far, pr\u00edpravu \u010distenej vody, vykon\u00e1va vstupn\u00fa kontrolu farmaceutick\u00fdch surov\u00edn a&nbsp;pomocn\u00fdch l\u00e1tok.<\/p>\n\n\n\n<p><strong>Zdravotn\u00edcke pom\u00f4cky<\/strong><\/p>\n\n\n\n<p>Zabezpe\u010duje n\u00e1kup, uchov\u00e1vanie a&nbsp;v\u00fddaj zdravotn\u00edckych pom\u00f4cok , vykon\u00e1va konzulta\u010dn\u00fa a&nbsp;informa\u010dn\u00fa \u010dinnos\u0165 o&nbsp;zdravotn\u00edckych pom\u00f4ckach zdravotn\u00edckym pracovn\u00edkom. Spolupracuje pri zav\u00e1dzan\u00ed nov\u00fdch druhov zdravotn\u00edckych pom\u00f4cok na oddeleniach nemocnice.<\/p>\n","protected":false},"excerpt":{"rendered":"<p>Ved\u00faci farmaceut: Mgr. Michaela Ko\u0161tialov\u00e1Miesto &#8211; pr\u00edzemie polikliniky, vchod z vonkaj\u0161ej strany od detskej poliklinikyTelef\u00f3n: 048\/2820 462, 048\/2820 268e-mail: lekaren@nspbr.skPracovn\u00e1 doba: Po \u2013 Pi 7:00-15:00 hod. \u00dastavn\u00e1 lek\u00e1re\u0148 je jedn\u00fdm z \u00fasekov Nemocnice s&nbsp;poliklinikou Brezno, n.o. Pre oddelenia,&nbsp;ambulancie a spolo\u010dn\u00e9 vy\u0161etrovacie a lie\u010debn\u00e9 zlo\u017eky&nbsp; nemocnice (SVaLZ)&nbsp; zabezpe\u010duje lieky, lie\u010div\u00e9 pr\u00edpravky, diagnostick\u00e9 zdravotn\u00edcke pom\u00f4cky, zdravotn\u00edcke pom\u00f4cky [&hellip;]<\/p>\n","protected":false},"author":1,"featured_media":0,"parent":8,"menu_order":0,"comment_status":"closed","ping_status":"closed","template":"","meta":{"_monsterinsights_skip_tracking":false,"_monsterinsights_sitenote_active":false,"_monsterinsights_sitenote_note":"","_monsterinsights_sitenote_category":0,"footnotes":""},"class_list":["post-653","page","type-page","status-publish","hentry"],"_links":{"self":[{"href":"https:\/\/www.nspbr.sk\/web\/wp-json\/wp\/v2\/pages\/653","targetHints":{"allow":["GET"]}}],"collection":[{"href":"https:\/\/www.nspbr.sk\/web\/wp-json\/wp\/v2\/pages"}],"about":[{"href":"https:\/\/www.nspbr.sk\/web\/wp-json\/wp\/v2\/types\/page"}],"author":[{"embeddable":true,"href":"https:\/\/www.nspbr.sk\/web\/wp-json\/wp\/v2\/users\/1"}],"replies":[{"embeddable":true,"href":"https:\/\/www.nspbr.sk\/web\/wp-json\/wp\/v2\/comments?post=653"}],"version-history":[{"count":3,"href":"https:\/\/www.nspbr.sk\/web\/wp-json\/wp\/v2\/pages\/653\/revisions"}],"predecessor-version":[{"id":9839,"href":"https:\/\/www.nspbr.sk\/web\/wp-json\/wp\/v2\/pages\/653\/revisions\/9839"}],"up":[{"embeddable":true,"href":"https:\/\/www.nspbr.sk\/web\/wp-json\/wp\/v2\/pages\/8"}],"wp:attachment":[{"href":"https:\/\/www.nspbr.sk\/web\/wp-json\/wp\/v2\/media?parent=653"}],"curies":[{"name":"wp","href":"https:\/\/api.w.org\/{rel}","templated":true}]}}